the prime factors of 907575.
3, 5, 12101
What are the prime factors of 282407?
282407
What are the prime factors of 63776?
2, 1993
List the prime factors of 2816152.
2, 17, 20707
What are the prime factors of 6727167?
3, 747463
What are the prime factors of 531445?
5, 157, 677
List the prime factors of 10998889.
11, 307, 3257
What are the prime factors of 48212?
2, 17, 709
What are the prime factors of 1966207?
1966207
List the prime factors of 12295439.
13, 89, 10627
What are the prime factors of 2428384?
2, 7, 37, 293
What are the prime factors of 477275?
5, 17, 1123
List the prime factors of 3119279.
17, 183487
What are the prime factors of 414299?
23, 18013
What are the prime factors of 523671?
3, 173, 1009
List the prime factors of 22918.
2, 7, 1637
What are the prime factors of 276919?
276919
What are the prime factors of 1227649?
1227649
List the prime factors of 2028720.
2, 3, 5, 79, 107
List the prime factors of 19730165.
5, 7, 13, 103, 421
What are the prime factors of 694433?
17, 40849
What are the prime factors of 711619?
439, 1621
What are the prime factors of 318121?
17, 18713
List the prime factors of 69666.
2, 3, 17, 683
What are the prime factors of 302639?
67, 4517
What are the prime factors of 95771?
13, 53, 139
What are the prime factors of 16711511?
29, 31, 641
What are the prime factors of 682337?
682337
What are the prime factors of 2983744?
2, 23, 2027
List the prime factors of 5801124.
2, 3, 7, 69061
List the prime factors of 349590.
2, 3, 5, 43, 271
List the prime factors of 497032.
2, 62129
What are the prime factors of 497900?
2, 5, 13, 383
List the prime factors of 5715527.
5715527
List the prime factors of 35997841.
11, 3272531
What are the prime factors of 630632?
2, 17, 4637
List the prime factors of 1009609.
1009609
What are the prime factors of 123933?
3, 109, 379
What are the prime factors of 44534?
2, 7, 3181
What are the prime factors of 492553?
449, 1097
List the prime factors of 237413.
11, 113, 191
What are the prime factors of 742566?
2, 3, 11, 11251
List the prime factors of 178348.
2, 44587
What are the prime factors of 756732?
2, 3, 19, 3319
List the prime factors of 17011829.
269, 63241
List the prime factors of 23774160.
2, 3, 5, 17, 5827
List the prime factors of 385796.
2, 43, 2243
What are the prime factors of 4164614?
2, 179, 11633
List the prime factors of 712402.
2, 17, 23, 911
List the prime factors of 2270072.
2, 7, 5791
What are the prime factors of 2706931?
173, 15647
List the prime factors of 1197069.
3, 399023
List the prime factors of 866184.
2, 3, 11, 17, 193
List the prime factors of 94039.
11, 83, 103
List the prime factors of 147730.
2, 5, 11, 17, 79
What are the prime factors of 1076366?
2, 89, 6047
List the prime factors of 72397.
13, 5569
List the prime factors of 1960299.
3, 11, 19801
What are the prime factors of 127763?
127763
List the prime factors of 16437030.
2, 3, 5, 547901
List the prime factors of 20417651.
20417651
What are the prime factors of 29891101?
127, 373, 631
List the prime factors of 54593.
7, 11, 709
What are the prime factors of 9727337?
37, 262901
List the prime factors of 7766.
2, 11, 353
List the prime factors of 1217056.
2, 73, 521
List the prime factors of 5811604.
2, 431, 3371
What are the prime factors of 7878382?
2, 3939191
List the prime factors of 4977751.
4977751
What are the prime factors of 2324446?
2, 1162223
List the prime factors of 5627363.
7, 19, 29, 1459
List the prime factors of 12264524.
2, 239, 12829
What are the prime factors of 246?
2, 3, 41
List the prime factors of 7227.
3, 11, 73
What are the prime factors of 14431729?
13, 1110133
List the prime factors of 3181536.
2, 3, 11047
What are the prime factors of 326003?
53, 6151
What are the prime factors of 3589051?
1667, 2153
What are the prime factors of 17077898?
2, 67, 127447
List the prime factors of 239430.
2, 3, 5, 23, 347
List the prime factors of 606154.
2, 199, 1523
List the prime factors of 13901.
13901
List the prime factors of 633435.
3, 5, 11, 349
What are the prime factors of 1083809?
1083809
What are the prime factors of 723245?
5, 79, 1831
List the prime factors of 187278.
2, 3, 7, 13
List the prime factors of 362639.
137, 2647
What are the prime factors of 408594?
2, 3, 68099
What are the prime factors of 47084?
2, 79, 149
List the prime factors of 7397643.
3, 11, 224171
List the prime factors of 200418.
2, 3, 33403
List the prime factors of 720382.
2, 13, 103, 269
List the prime factors of 42962.
2, 21481
What are the prime factors of 10004932?
2, 7, 357319
What are the prime factors of 1450812?
2, 3, 11, 29, 379
List the prime factors of 13149904.
2, 821869
What are the prime factors of 11208071?
7, 83, 101, 191
What are the prime factors of 452343?
3, 131, 1151
List the prime factors of 1541442.
2, 3, 7, 107
List the prime factors of 10930640.
2, 5, 7, 131, 149
What are the prime factors of 2652773?
71, 37363
List the prime factors of 6673294.
2, 19, 151, 1163
What are the prime factors of 385489?
13, 2281
What are the prime factors of 2291571?
3, 19, 1489
List the prime factors of 4247904.
2, 3, 44249
List the prime factors of 425093.
37, 11489
What are the prime factors of 17039559?
3, 17, 29, 41, 281
List the prime factors of 7484865.
3, 5, 229, 2179
List the prime factors of 921493.
311, 2963
What are the prime factors of 106187?
106187
What are the prime factors of 736878?
2, 3, 191, 643
What are the prime factors of 100023?
3, 7, 11, 433
List the prime factors of 658251.
3, 11, 61, 109
What are the prime factors of 2808784?
2, 11, 15959
What are the prime factors of 2584209?
3, 19, 45337
List the prime factors of 15328882.
2, 1879, 4079
What are the prime factors of 197585?
5, 43, 919
List the prime factors of 3926758.
2, 11, 178489
What are the prime factors of 3261969?
3, 293, 1237
What are the prime factors of 1914119?
61, 31379
What are the prime factors of 3509027?
3509027
What are the prime factors of 217066?
2, 108533
List the prime factors of 12629369.
23, 31, 17713
What are the prime factors of 20846065?
5, 4169213
What are the prime factors of 220434?
2, 3, 36739
List the prime factors of 303823.
13, 23371
List the prime factors of 1113616.
2, 7, 61, 163
List the prime factors of 370624.
2, 5791
List the prime factors of 2075993.
353, 5881
What are the prime factors of 957020?
2, 5, 109, 439
List the prime factors of 153129.
3, 51043
List the prime factors of 5928632.
2, 741079
What are the prime factors of 27048505?
5, 11, 43, 11437
What are the prime factors of 5860208?
2, 19, 37, 521
List the prime factors of 4255416.
2, 3, 11, 199
List the prime factors of 315507.
3, 251, 419
What are the prime factors of 5279767?
5279767
List the prime factors of 155568.
2, 3, 7, 463
List the prime factors of 92512.
2, 7, 59
List the prime factors of 731412.
2, 3, 11, 1847
List the prime factors of 869593.
67, 12979
What are the prime factors of 34739801?
34739801
List the prime factors of 3905273.
3905273
What are the prime factors of 1123658?
2, 561829
What are the prime factors of 323594?
2, 137, 1181
List the prime factors of 89883.
3, 3329
What are the prime factors of 144318?
2, 3, 67, 359
What are the prime factors of 788425?
5, 11, 47, 61
List the prime factors of 588637.
7, 41, 293
List the prime factors of 6262100.
2, 5, 13, 4817
What are the prime factors of 1373388?
2, 3, 193, 593
What are the prime factors of 5821366?
2, 31, 93893
What are the prime factors of 4399993?
13, 338461
What are the prime factors of 533730?
2, 3, 5, 17791
List the prime factors of 257772.
2, 3, 21481
What are the prime factors of 298374?
2, 3, 223
What are the prime factors of 1793574?
2, 3, 99643
List the prime factors of 9196771.
9196771
List the prime factors of 581610.
2, 3, 5, 19387
What are the prime factors of 4949558?
2, 43, 67, 859
What are the prime factors of 1397716?
2, 19, 53, 347
List the prime factors of 7074495.
3, 5, 157211
What are the prime factors of 2149725?
3, 5, 28663
List the prime factors of 84343.
7, 12049
What are the prime factors of 253420?
2, 5, 12671
List the prime factors of 14824660.
2, 5, 741233
List the prime factors of 1571804.
2, 13, 167, 181
What are the prime factors of 5357871?
3, 595319
What are the prime factors of 2161650?
2